ors of 338?
2, 13
What are the prime factors of 69?
3, 23
What are the prime factors of 11175?
3, 5, 149
What are the prime factors of 8276?
2, 2069
List the prime factors of 2440.
2, 5, 61
What are the prime factors of 2567?
17, 151
What are the prime factors of 73622?
2, 131, 281
What are the prime factors of 24327?
3, 17, 53
List the prime factors of 40862.
2, 20431
What are the prime factors of 41867?
7, 5981
List the prime factors of 834.
2, 3, 139
What are the prime factors of 34416?
2, 3, 239
List the prime factors of 159237.
3, 13, 1361
List the prime factors of 7312.
2, 457
What are the prime factors of 578?
2, 17
What are the prime factors of 2892?
2, 3, 241
List the prime factors of 7217.
7, 1031
What are the prime factors of 293?
293
List the prime factors of 6727.
7, 31
List the prime factors of 1543.
1543
List the prime factors of 2376.
2, 3, 11
What are the prime factors of 3520?
2, 5, 11
What are the prime factors of 2035?
5, 11, 37
What are the prime factors of 17793?
3, 659
What are the prime factors of 7328?
2, 229
List the prime factors of 5357.
11, 487
What are the prime factors of 30006?
2, 3, 1667
List the prime factors of 1011.
3, 337
List the prime factors of 1658.
2, 829
List the prime factors of 24693.
3, 8231
List the prime factors of 62794.
2, 31397
List the prime factors of 2014.
2, 19, 53
What are the prime factors of 2665?
5, 13, 41
List the prime factors of 76796.
2, 73, 263
List the prime factors of 342.
2, 3, 19
What are the prime factors of 14625?
3, 5, 13
List the prime factors of 910.
2, 5, 7, 13
What are the prime factors of 31449?
3, 11, 953
List the prime factors of 59994.
2, 3, 11, 101
List the prime factors of 1039.
1039
What are the prime factors of 1550?
2, 5, 31
What are the prime factors of 1084?
2, 271
List the prime factors of 3.
3
What are the prime factors of 5463?
3, 607
What are the prime factors of 39817?
29, 1373
List the prime factors of 639.
3, 71
What are the prime factors of 1497?
3, 499
List the prime factors of 89454.
2, 3, 17, 877
List the prime factors of 18042.
2, 3, 31, 97
List the prime factors of 712.
2, 89
List the prime factors of 1288.
2, 7, 23
What are the prime factors of 94250?
2, 5, 13, 29
What are the prime factors of 39817?
29, 1373
What are the prime factors of 3411?
3, 379
List the prime factors of 621.
3, 23
What are the prime factors of 4035?
3, 5, 269
List the prime factors of 503.
503
List the prime factors of 10162.
2, 5081
List the prime factors of 115471.
115471
List the prime factors of 96951.
3, 17, 1901
List the prime factors of 1103.
1103
List the prime factors of 576.
2, 3
What are the prime factors of 13018?
2, 23, 283
What are the prime factors of 10040?
2, 5, 251
List the prime factors of 973.
7, 139
List the prime factors of 96568.
2, 12071
What are the prime factors of 13982?
2, 6991
What are the prime factors of 1089?
3, 11
What are the prime factors of 8542?
2, 4271
List the prime factors of 36283.
13, 2791
What are the prime factors of 6969?
3, 23, 101
List the prime factors of 6824.
2, 853
List the prime factors of 20335.
5, 7, 83
What are the prime factors of 2125?
5, 17
List the prime factors of 32095.
5, 7, 131
What are the prime factors of 6960?
2, 3, 5, 29
What are the prime factors of 90724?
2, 37, 613
List the prime factors of 835.
5, 167
What are the prime factors of 1688?
2, 211
What are the prime factors of 6811?
7, 139
What are the prime factors of 3172?
2, 13, 61
What are the prime factors of 746?
2, 373
What are the prime factors of 233?
233
What are the prime factors of 9798?
2, 3, 23, 71
What are the prime factors of 29939?
7, 13, 47
List the prime factors of 25834.
2, 12917
What are the prime factors of 11281?
29, 389
What are the prime factors of 143001?
3, 15889
What are the prime factors of 192?
2, 3
What are the prime factors of 22774?
2, 59, 193
List the prime factors of 8200.
2, 5, 41
List the prime factors of 52324.
2, 103, 127
List the prime factors of 4182.
2, 3, 17, 41
What are the prime factors of 5163?
3, 1721
List the prime factors of 4769.
19, 251
List the prime factors of 389.
389
List the prime factors of 887.
887
List the prime factors of 4898.
2, 31, 79
List the prime factors of 24543.
3, 101
List the prime factors of 51916.
2, 12979
List the prime factors of 11199.
3, 3733
List the prime factors of 1409.
1409
What are the prime factors of 24775?
5, 991
What are the prime factors of 104638?
2, 113, 463
What are the prime factors of 988?
2, 13, 19
What are the prime factors of 6915?
3, 5, 461
List the prime factors of 18142.
2, 47, 193
What are the prime factors of 24482?
2, 12241
List the prime factors of 135.
3, 5
What are the prime factors of 60747?
3, 20249
List the prime factors of 3042.
2, 3, 13
What are the prime factors of 2644?
2, 661
List the prime factors of 1506.
2, 3, 251
List the prime factors of 4032.
2, 3, 7
What are the prime factors of 4562?
2, 2281
List the prime factors of 55565.
5, 11113
List the prime factors of 30537.
3, 13, 29
What are the prime factors of 1057?
7, 151
What are the prime factors of 695?
5, 139
List the prime factors of 4824.
2, 3, 67
List the prime factors of 472.
2, 59
What are the prime factors of 16976?
2, 1061
List the prime factors of 443.
443
List the prime factors of 12539.
12539
What are the prime factors of 49169?
49169
List the prime factors of 35309.
17, 31, 67
List the prime factors of 28611.
3, 11, 17
What are the prime factors of 2279?
43, 53
What are the prime factors of 112899?
3, 37633
What are the prime factors of 2564?
2, 641
List the prime factors of 14363.
53, 271
List the prime factors of 23829.
3, 13, 47
List the prime factors of 8524.
2, 2131
What are the prime factors of 3557?
3557
List the prime factors of 57557.
57557
List the prime factors of 585.
3, 5, 13
List the prime factors of 3744.
2, 3, 13
List the prime factors of 1826.
2, 11, 83
List the prime factors of 27147.
3, 9049
What are the prime factors of 5448?
2, 3, 227
List the prime factors of 3264.
2, 3, 17
List the prime factors of 1088.
2, 17
What are the prime factors of 2194?
2, 1097
What are the prime factors of 828?
2, 3, 23
What are the prime factors of 891?
3, 11
What are the prime factors of 16249?
16249
List the prime factors of 2976.
2, 3, 31
What are the prime factors of 22991?
83, 277
List the prime factors of 5823.
3, 647
List the prime factors of 41253.
3, 13751
What are the prime factors of 15279?
3, 11, 463
What are the prime factors of 1219?
23, 53
List the prime factors of 18082.
2, 9041
What are the prime factors of 14642?
2, 7321
List the prime factors of 72225.
3, 5, 107
What are the prime factors of 105914?
2, 52957
List the prime factors of 1793.
11, 163
What are the prime factors of 10204?
2, 2551
What are the prime factors of 4400?
2, 5, 11
What are the prime factors of 90918?
2, 3, 5051
List the prime factors of 1209.
3, 13, 31
List the prime factors of 1121.
19, 59
What are the prime factors of 142?
2, 71
List the prime factors of 288.
2, 3
What are the prime factors of 6051?
3, 2017
What are the prime factors of 72824?
2, 9103
List the prime factors of 91349.
167, 547
What are the prime factors of 10455?
3, 5, 17, 41
What are the prime factors of 153?
3, 17
What are the prime factors of 664?
2, 83
What are the prime factors of 77501?
19, 4079
List the prime factors of 5021.
5021
List the prime factors of 3837.
3, 1279
List the prime factors of 3080.
2, 5, 7, 11
What are the prime factors of 18103?
43, 421
List the prime factors of 1148.
2, 7, 41
List the prime factors of 2878.
2, 1439
What are the prime factors of 31235?
5, 6247
List the prime factors of 3385.
5, 677
List the prime factors of 98146.
2, 31, 1583
What are the prime factors of 568?
2, 71
List the prime factors of 14513.
23, 631
What are the prime factors of 1035?
3, 5, 23
List the prime factors of 593.
593
What are the prime factors of 2680?
2, 5, 67
List the prime factors of 2015.
5, 13, 31
What are the prime factors of 805?
5, 7, 23
What are the prime factors of 116748?
2, 3, 23, 47
What are the prime factors of 4784?
2, 13, 23
What are the prime factors of 3124?
2, 11, 71
List the prime factors of 2301.
3, 13, 59
What are the prime factors of 11094?
2, 3, 43
List the prime factors of 24371.